[INFO] fetching crate rubbl 0.3.0...
[INFO] checking rubbl-0.3.0 against master#e6e4f7ed1589e03bc2f6c5931c1a72e7947e8682 for beta-170-4
[INFO] extracting crate rubbl 0.3.0 into /workspace/builds/worker-7-tc2/source
[INFO] validating manifest of crates.io crate rubbl 0.3.0 on toolchain e6e4f7ed1589e03bc2f6c5931c1a72e7947e8682
[INFO] running `Command { std: CARGO_HOME="/workspace/cargo-home" RUSTUP_HOME="/workspace/rustup-home" "/workspace/cargo-home/bin/cargo" "+e6e4f7ed1589e03bc2f6c5931c1a72e7947e8682" "metadata" "--manifest-path" "Cargo.toml" "--no-deps", kill_on_drop: false }`
[INFO] started tweaking crates.io crate rubbl 0.3.0
[INFO] finished tweaking crates.io crate rubbl 0.3.0
[INFO] tweaked toml for crates.io crate rubbl 0.3.0 written to /workspace/builds/worker-7-tc2/source/Cargo.toml
[INFO] crate crates.io crate rubbl 0.3.0 already has a lockfile, it will not be regenerated
[INFO] running `Command { std: CARGO_HOME="/workspace/cargo-home" RUSTUP_HOME="/workspace/rustup-home" "/workspace/cargo-home/bin/cargo" "+e6e4f7ed1589e03bc2f6c5931c1a72e7947e8682" "fetch" "--manifest-path" "Cargo.toml", kill_on_drop: false }`
[INFO] running `Command { std: "docker" "create" "-v" "/var/lib/crater-agent-workspace/builds/worker-7-tc2/target:/opt/rustwide/target:rw,Z" "-v" "/var/lib/crater-agent-workspace/builds/worker-7-tc2/source:/opt/rustwide/workdir:ro,Z" "-v" "/var/lib/crater-agent-workspace/cargo-home:/opt/rustwide/cargo-home:ro,Z" "-v" "/var/lib/crater-agent-workspace/rustup-home:/opt/rustwide/rustup-home:ro,Z" "-e" "SOURCE_DIR=/opt/rustwide/workdir" "-e" "CARGO_TARGET_DIR=/opt/rustwide/target" "-e" "CARGO_HOME=/opt/rustwide/cargo-home" "-e" "RUSTUP_HOME=/opt/rustwide/rustup-home" "-w" "/opt/rustwide/workdir" "-m" "1610612736" "--user" "0:0" "--network" "none" "ghcr.io/rust-lang/crates-build-env/linux@sha256:19e73879b68f455e41552ea35293514db52ea292d993f571636dbffedb77a1ee" "/opt/rustwide/cargo-home/bin/cargo" "+e6e4f7ed1589e03bc2f6c5931c1a72e7947e8682" "metadata" "--no-deps" "--format-version=1", kill_on_drop: false }`
[INFO] [stdout] 392d3855194d2c5e013f247765281653faf520b249cb125dabd2bfc1400d454d
[INFO] running `Command { std: "docker" "start" "-a" "392d3855194d2c5e013f247765281653faf520b249cb125dabd2bfc1400d454d", kill_on_drop: false }`
[INFO] running `Command { std: "docker" "inspect" "392d3855194d2c5e013f247765281653faf520b249cb125dabd2bfc1400d454d", kill_on_drop: false }`
[INFO] running `Command { std: "docker" "rm" "-f" "392d3855194d2c5e013f247765281653faf520b249cb125dabd2bfc1400d454d", kill_on_drop: false }`
[INFO] [stdout] 392d3855194d2c5e013f247765281653faf520b249cb125dabd2bfc1400d454d
[INFO] running `Command { std: "docker" "create" "-v" "/var/lib/crater-agent-workspace/builds/worker-7-tc2/target:/opt/rustwide/target:rw,Z" "-v" "/var/lib/crater-agent-workspace/builds/worker-7-tc2/source:/opt/rustwide/workdir:ro,Z" "-v" "/var/lib/crater-agent-workspace/cargo-home:/opt/rustwide/cargo-home:ro,Z" "-v" "/var/lib/crater-agent-workspace/rustup-home:/opt/rustwide/rustup-home:ro,Z" "-e" "SOURCE_DIR=/opt/rustwide/workdir" "-e" "CARGO_TARGET_DIR=/opt/rustwide/target" "-e" "CARGO_INCREMENTAL=0" "-e" "RUST_BACKTRACE=full" "-e" "RUSTFLAGS=--cap-lints=forbid" "-e" "RUSTDOCFLAGS=--cap-lints=forbid" "-e" "CARGO_HOME=/opt/rustwide/cargo-home" "-e" "RUSTUP_HOME=/opt/rustwide/rustup-home" "-w" "/opt/rustwide/workdir" "-m" "1610612736" "--user" "0:0" "--network" "none" "ghcr.io/rust-lang/crates-build-env/linux@sha256:19e73879b68f455e41552ea35293514db52ea292d993f571636dbffedb77a1ee" "/opt/rustwide/cargo-home/bin/cargo" "+e6e4f7ed1589e03bc2f6c5931c1a72e7947e8682" "check" "--frozen" "--all" "--all-targets" "--message-format=json", kill_on_drop: false }`
[INFO] [stdout] 3e6505416872fba2536928e9f5413c6f5fafc929ae1a7a7151e654621eb50abf
[INFO] running `Command { std: "docker" "start" "-a" "3e6505416872fba2536928e9f5413c6f5fafc929ae1a7a7151e654621eb50abf", kill_on_drop: false }`
[INFO] [stderr]    Compiling proc-macro2 v1.0.50
[INFO] [stderr]    Compiling num-traits v0.2.15
[INFO] [stderr]    Compiling libc v0.2.139
[INFO] [stderr]    Compiling quote v1.0.23
[INFO] [stderr]    Compiling unicode-ident v1.0.6
[INFO] [stderr]    Compiling io-lifetimes v1.0.4
[INFO] [stderr]    Compiling syn v1.0.107
[INFO] [stderr]    Compiling num-integer v0.1.45
[INFO] [stderr]    Compiling rustix v0.36.7
[INFO] [stderr]     Checking rawpointer v0.2.1
[INFO] [stderr]    Compiling thiserror v1.0.38
[INFO] [stderr]     Checking os_str_bytes v6.4.1
[INFO] [stderr]    Compiling anyhow v1.0.68
[INFO] [stderr]     Checking strsim v0.10.0
[INFO] [stderr]     Checking once_cell v1.17.0
[INFO] [stderr]     Checking matrixmultiply v0.3.2
[INFO] [stderr]     Checking clap_lex v0.3.1
[INFO] [stderr]     Checking num-complex v0.4.3
[INFO] [stderr]     Checking ndarray v0.15.6
[INFO] [stderr]     Checking is-terminal v0.4.2
[INFO] [stderr]     Checking clap v4.1.3
[INFO] [stderr]    Compiling thiserror-impl v1.0.38
[INFO] [stderr]     Checking rubbl_core v0.4.0
[INFO] [stderr]     Checking rubbl v0.3.0 (/opt/rustwide/workdir)
[INFO] [stdout] error[E0432]: unresolved imports `rubbl_core::notify`, `rubbl_core::rn_warning`
[INFO] [stdout]   --> src/main.rs:16:5
[INFO] [stdout]    |
[INFO] [stdout] 16 |     notify::{ClapNotificationArgsExt, NotificationBackend},
[INFO] [stdout]    |     ^^^^^^ could not find `notify` in `rubbl_core`
[INFO] [stdout] 17 |     rn_warning,
[INFO] [stdout]    |     ^^^^^^^^^^ no `rn_warning` in the root
[INFO] [stdout] 
[INFO] [stdout] 
[INFO] [stdout] error: cannot determine resolution for the macro `rn_warning`
[INFO] [stdout]    --> src/main.rs:142:17
[INFO] [stdout]     |
[INFO] [stdout] 142 |                 rn_warning!(
[INFO] [stdout]     |                 ^^^^^^^^^^
[INFO] [stdout]     |
[INFO] [stdout]     = note: import resolution is stuck, try simplifying macro imports
[INFO] [stdout] 
[INFO] [stdout] 
[INFO] [stdout] error: cannot determine resolution for the macro `rn_warning`
[INFO] [stdout]    --> src/main.rs:156:17
[INFO] [stdout]     |
[INFO] [stdout] 156 |                 rn_warning!(
[INFO] [stdout]     |                 ^^^^^^^^^^
[INFO] [stdout]     |
[INFO] [stdout]     = note: import resolution is stuck, try simplifying macro imports
[INFO] [stdout] 
[INFO] [stdout] 
[INFO] [stdout] error[E0433]: failed to resolve: could not find `notify` in `rubbl_core`
[INFO] [stdout]   --> src/main.rs:36:31
[INFO] [stdout]    |
[INFO] [stdout] 36 |     process::exit(rubbl_core::notify::run_with_notifications(
[INFO] [stdout]    |                               ^^^^^^ could not find `notify` in `rubbl_core`
[INFO] [stdout] 
[INFO] [stdout] 
[INFO] [stdout] error[E0432]: unresolved imports `rubbl_core::notify`, `rubbl_core::rn_warning`
[INFO] [stdout]   --> src/main.rs:16:5
[INFO] [stdout]    |
[INFO] [stdout] 16 |     notify::{ClapNotificationArgsExt, NotificationBackend},
[INFO] [stdout]    |     ^^^^^^ could not find `notify` in `rubbl_core`
[INFO] [stdout] 17 |     rn_warning,
[INFO] [stdout]    |     ^^^^^^^^^^ no `rn_warning` in the root
[INFO] [stdout] 
[INFO] [stdout] 
[INFO] [stdout] error: cannot determine resolution for the macro `rn_warning`
[INFO] [stdout]    --> src/main.rs:142:17
[INFO] [stdout]     |
[INFO] [stdout] 142 |                 rn_warning!(
[INFO] [stdout]     |                 ^^^^^^^^^^
[INFO] [stdout]     |
[INFO] [stdout]     = note: import resolution is stuck, try simplifying macro imports
[INFO] [stdout] 
[INFO] [stdout] 
[INFO] [stdout] error: cannot determine resolution for the macro `rn_warning`
[INFO] [stdout]    --> src/main.rs:156:17
[INFO] [stdout]     |
[INFO] [stdout] 156 |                 rn_warning!(
[INFO] [stdout]     |                 ^^^^^^^^^^
[INFO] [stdout]     |
[INFO] [stdout]     = note: import resolution is stuck, try simplifying macro imports
[INFO] [stdout] 
[INFO] [stdout] 
[INFO] [stdout] error[E0433]: failed to resolve: could not find `notify` in `rubbl_core`
[INFO] [stdout]   --> src/main.rs:36:31
[INFO] [stdout]    |
[INFO] [stdout] 36 |     process::exit(rubbl_core::notify::run_with_notifications(
[INFO] [stdout]    |                               ^^^^^^ could not find `notify` in `rubbl_core`
[INFO] [stdout] 
[INFO] [stdout] 
[INFO] [stdout] error: aborting due to 4 previous errors
[INFO] [stdout] 
[INFO] [stdout] 
[INFO] [stdout] Some errors have detailed explanations: E0432, E0433.
[INFO] [stdout] 
[INFO] [stdout] For more information about an error, try `rustc --explain E0432`.
[INFO] [stdout] 
[INFO] [stdout] error: aborting due to 4 previous errors
[INFO] [stdout] 
[INFO] [stdout] 
[INFO] [stdout] Some errors have detailed explanations: E0432, E0433.
[INFO] [stdout] 
[INFO] [stdout] For more information about an error, try `rustc --explain E0432`.
[INFO] [stdout] 
[INFO] [stderr] error: could not compile `rubbl` (bin "rubbl") due to 5 previous errors
[INFO] [stderr] warning: build failed, waiting for other jobs to finish...
[INFO] [stderr] error: could not compile `rubbl` (bin "rubbl" test) due to 5 previous errors
[INFO] running `Command { std: "docker" "inspect" "3e6505416872fba2536928e9f5413c6f5fafc929ae1a7a7151e654621eb50abf", kill_on_drop: false }`
[INFO] running `Command { std: "docker" "rm" "-f" "3e6505416872fba2536928e9f5413c6f5fafc929ae1a7a7151e654621eb50abf", kill_on_drop: false }`
[INFO] [stdout] 3e6505416872fba2536928e9f5413c6f5fafc929ae1a7a7151e654621eb50abf
